the remainder when 2746012347 is divided by 74.
71
Calculate the remainder when 67295 is divided by 4189.
271
Calculate the remainder when 21025 is divided by 958.
907
What is the remainder when 2845502 is divided by 692?
690
What is the remainder when 267822 is divided by 29423?
3015
Calculate the remainder when 812202 is divided by 812112.
90
Calculate the remainder when 79642611 is divided by 338.
9
What is the remainder when 5738135 is divided by 24?
23
Calculate the remainder when 780066 is divided by 129988.
138
What is the remainder when 25183 is divided by 109?
4
What is the remainder when 7367689 is divided by 106778?
7
What is the remainder when 1377672 is divided by 196810?
2
Calculate the remainder when 1476804698 is divided by 2030.
2028
What is the remainder when 59203 is divided by 2185?
208
Calculate the remainder when 8982406 is divided by 23826.
4
Calculate the remainder when 757412 is divided by 300.
212
What is the remainder when 15523625 is divided by 346?
335
Calculate the remainder when 559424 is divided by 559416.
8
What is the remainder when 71269363 is divided by 15919?
0
Calculate the remainder when 3626723 is divided by 1877.
359
Calculate the remainder when 3019345 is divided by 851.
848
What is the remainder when 9316004 is divided by 1164497?
28
What is the remainder when 2544225 is divided by 7901?
103
Calculate the remainder when 128058 is divided by 498.
72
What is the remainder when 160844 is divided by 1411?
1401
What is the remainder when 163225 is divided by 4661?
90
What is the remainder when 208825128 is divided by 1430309?
14
Calculate the remainder when 5087904 is divided by 129.
15
Calculate the remainder when 6292 is divided by 563.
99
Calculate the remainder when 5962740 is divided by 90.
60
What is the remainder when 241051 is divided by 440?
371
What is the remainder when 6189274 is divided by 277?
263
What is the remainder when 8804449 is divided by 114?
1
Calculate the remainder when 15733439 is divided by 27.
26
Calculate the remainder when 175998075 is divided by 235.
230
What is the remainder when 28225352 is divided by 39?
38
What is the remainder when 18041154 is divided by 62?
22
Calculate the remainder when 4026155 is divided by 1313.
497
Calculate the remainder when 124778 is divided by 104.
82
What is the remainder when 25432172 is divided by 30?
2
Calculate the remainder when 530699 is divided by 230.
89
What is the remainder when 15260511 is divided by 415?
131
What is the remainder when 682478 is divided by 136452?
218
Calculate the remainder when 1537013 is divided by 128.
117
Calculate the remainder when 33112122 is divided by 14.
8
Calculate the remainder when 4763233 is divided by 8142.
163
Calculate the remainder when 952356 is divided by 11.
9
Calculate the remainder when 21646 is divided by 7026.
568
What is the remainder when 10230 is divided by 9848?
382
Calculate the remainder when 82818 is divided by 566.
182
What is the remainder when 500554 is divided by 18498?
1108
Calculate the remainder when 1055126 is divided by 2171.
20
What is the remainder when 203010 is divided by 1665?
1545
Calculate the remainder when 43877 is divided by 14565.
182
What is the remainder when 86710 is divided by 3573?
958
Calculate the remainder when 26822013 is divided by 1248.
1245
Calculate the remainder when 6691673 is divided by 14.
9
What is the remainder when 5543385 is divided by 129?
126
What is the remainder when 8883508 is divided by 258?
52
What is the remainder when 78842 is divided by 6045?
257
What is the remainder when 15195297 is divided by 77?
40
Calculate the remainder when 2252739 is divided by 2245.
1004
Calculate the remainder when 509867 is divided by 169900.
167
Calculate the remainder when 6048097 is divided by 212.
161
What is the remainder when 26942 is divided by 250?
192
Calculate the remainder when 8460757 is divided by 75542.
53
Calculate the remainder when 12745122 is divided by 36.
6
What is the remainder when 61114042 is divided by 466?
6
Calculate the remainder when 4718248 is divided by 2756.
2732
What is the remainder when 34100741 is divided by 2074?
33
Calculate the remainder when 1167458 is divided by 846.
824
Calculate the remainder when 557625 is divided by 12673.
13
Calculate the remainder when 82804 is divided by 1592.
20
Calculate the remainder when 4264698 is divided by 20.
18
Calculate the remainder when 509842 is divided by 31864.
18
What is the remainder when 13499395 is divided by 13?
0
What is the remainder when 2923932 is divided by 171996?
0
What is the remainder when 1113033 is divided by 14639?
469
Calculate the remainder when 4093236 is divided by 1132.
1056
Calculate the remainder when 152744 is divided by 6631.
231
What is the remainder when 327386 is divided by 130?
46
Calculate the remainder when 554909 is divided by 33.
14
Calculate the remainder when 10543 is divided by 3361.
460
What is the remainder when 4045655 is divided by 60?
35
Calculate the remainder when 1957299 is divided by 12879.
12570
What is the remainder when 115995 is divided by 645?
540
What is the remainder when 50419651 is divided by 1409?
1404
Calculate the remainder when 9056022 is divided by 93.
54
What is the remainder when 6972657 is divided by 26?
3
What is the remainder when 22055 is divided by 5434?
319
What is the remainder when 124171 is divided by 2005?
1866
What is the remainder when 361385 is divided by 2028?
401
What is the remainder when 2067723 is divided by 2556?
2475
Calculate the remainder when 47045 is divided by 10848.
3653
What is the remainder when 3726511 is divided by 20035?
1
What is the remainder when 8416153 is divided by 4208043?
67
What is the remainder when 59072375 is divided by 22?
21
Calculate the remainder when 579584 is divided by 3788.
20
What is the remainder when 1004504 is divided by 9752?
48
Calculate the remainder when 529076 is divided by 13219.
316
What is the remainder when 4268325 is divided by 2617?
2615
Calculate the remainder when 1256566 is divided by 135.
121
What is the remainder when 2633 is divided by 1053?
527
Calculate the remainder when 114861 is divided by 114713.
148
Calculate the remainder when 536682 is divided by 146.
132
Calculate the remainder when 155481 is divided by 19418.
137
Calculate the remainder when 56713008 is divided by 1785.
1773
What is the remainder when 11733004 is divided by 838068?
52
Calculate the remainder when 161169919 is divided by 138.
133
Calculate the remainder when 56018 is divided by 2133.
560
Calculate the remainder when 59679617 is divided by 3925.
3917
What is the remainder when 1813578 is divided by 69691?
1612
What is the remainder when 24213 is divided by 10690?
2833
What is the remainder when 29669 is divided by 25632?
4037
Calculate the remainder when 284663 is divided by 71141.
99
What is the remainder when 30746 is divided by 15055?
636
Calculate the remainder when 100551982 is divided by 2286.
2272
What is the remainder when 39468442 is divided by 37?
24
Calculate the remainder when 318912258 is divided by 189603.
12
Calculate the remainder when 246648 is divided by 2146.
2004
Calculate the remainder when 1023538 is divided by 12.
10
What is the remainder when 660969 is divided by 2518?
1253
Calculate the remainder when 1736418 is divided by 568.
42
Calculate the remainder when 10448008 is divided by 721.
718
What is the remainder when 10830399 is divided by 292711?
92
What is the remainder when 1914243 is divided by 33004?
11
Calculate the remainder when 923060 is divided by 61523.
215
Calculate the remainder when 852861 is divided by 2465.
2436
Calculate the remainder when 288634 is divided by 521.
0
What is the remainder when 10366248 is divided by 279?
3
What is the remainder when 9482479 is divided by 560?
559
Calculate the remainder when 12906670 is divided by 125.
45
What is the remainder when 13373265 is divided by 382?
209
Calculate the remainder when 1548244 is divided by 25381.
3
What is the remainder when 3966873 is divided by 398?
7
What is the remainder when 9965763 is divided by 9601?
9526
Calculate the remainder when 4428538 is divided by 829.
20
What is the remainder when 394874893 is divided by 9063?
9046
What is the remainder when 194352 is d